j be -5 + 36/8 + (-1157)/(-2). Let k = j + -165. Is k composite?
True
Let g = 1587 - 673. Let x = g - 133. Is x a composite number?
True
Let m(v) = 6*v**2 + v + 2. Suppose -q - 31 = -29. Let d be m(q). Is 2/((-20)/(-786)) + d/60 a prime number?
True
Suppose -2*y + 16334 + 724136 = 3*y. Is y a prime number?
False
Let b be 4 + (5 - 3) + -4. Is (-303615)/(-54) + b/4 composite?
False
Suppose 0 = -5*q + 3*d + 2164, -868 = -2*q + 3*d - d. Is q a prime number?
True
Suppose 10*w - 42*w = -2685088. Is w prime?
False
Let j = 65532 - 46392. Suppose -8*k - j = -297484. Is k a composite number?
True
Suppose 3*a - 18 = -3*l, 3*l = l + a + 21. Suppose -3*t - l = -3*j, -2*j - 3 = 3*t + j. Is t - (3 - 74)*1 a composite number?
True
Let o(d) = 971*d + 13. Let i be o(5). Suppose 0 = -8*m - 1084 + i. Is m a prime number?
False
Suppose -17*y = 19 - 19. Suppose 3*u + 2*u + 1888 = 4*m, -3*m + u + 1405 = y. Is m a prime number?
True
Suppose -3420860 = -109177*z + 109157*z. Is z a composite number?
False
Is (-10 - 3)/52*-103988 a composite number?
False
Let z be (-4)/2 - (2 + -4). Suppose -4*g + 4 = -v, 30*v + 5*g = 28*v + 18. Suppose 452 = -z*c + v*c. Is c a prime number?
True
Let q be 90/72 + 1/(-4). Let v be -1 - (q - (2 + 2)). Is (70/(-15))/(v/(-9)) prime?
False
Let w(b) = 127*b - 17150. Is w(136) a prime number?
False
Suppose 0 = -5*w - 6*x + 8*x + 116679, w + 3*x = 23329. Is w/35 - 24/(-84) prime?
False
Let y(j) = j**3 + 4*j**2 + 11*j + 16. Let a be y(-2). Let u(o) = 253*o + 3. Let i be u(-5). Is i*(0 - a)/4 a composite number?
False
Suppose -53*f = -59*f - 2*a + 3162940, 5*f + 4*a = 2635767. Is f a prime number?
True
Suppose 2*m = -m - 822. Let f = m - -45. Is -2 - (f*3 + 2) prime?
True
Let k = -46 - -57. Suppose 2*y - m = k + 174, -3*m + 165 = 2*y. Suppose 132 = 3*l - y. Is l prime?
False
Let m = 226 + -151. Let g be (-10)/m + (-276)/(-45) + -1. Suppose 0*q - g*q = -2335. Is q a composite number?
False
Let t(h) = -73*h**2 + 5*h - 5. Let q(a) = 73*a**2 - 6*a + 6. Let w(l) = -2*q(l) - 3*t(l). Is w(4) prime?
False
Let a(u) = 5*u - 109 + u**3 - 2*u**3 + 134*u**2 - 36*u - 100*u**2. Is a(24) a prime number?
False
Let r = 88 + -163. Is ((-5)/(r/(-12)))/((-4)/60110) a composite number?
True
Let t = 283069 - -834100. Is t prime?
True
Let g be (-10)/(-85) + (-140)/34. Let j(s) = 118*s**2 - 15*s - 41. Is j(g) prime?
True
Suppose 0 = 6*t - 11 - 31. Let z = 10 - t. Suppose 0 = -z*f + 1303 + 164. Is f composite?
True
Let a = 5868 - -231. Let c = a - 880. Is c prime?
False
Let s(n) = -4*n + 36. Let g be s(8). Is g + 1/(6/67038) prime?
True
Let d(u) = 13644*u + 2791. Is d(18) composite?
True
Suppose -4*p = 5*w - 66707, -w - 291 = -294. Is p a prime number?
True
Suppose 9*i - 5*i - 12 = -4*w, 2*i - 2*w = 6. Let k be (0 - -1)/(-1)*0. Suppose -4*x + 621 = 3*f, k*f + 2*f = i*x + 397. Is f a prime number?
False
Suppose 5*r = -x + 352038, 5*x - 72*r = -70*r + 1760001. Is x a prime number?
False
Is 11*(-27)/(-5346) - 43588385/(-18) a prime number?
True
Suppose 5*s = 2*s + 3*y + 1155, -365 = -s + 5*y. Let j = s + -380. Is j a prime number?
False
Let k = 52565 + -36878. Suppose -2*z - 12545 = -4*x + z, 5*x - k = -2*z. Is x prime?
True
Let m(w) = -4206*w**3 + 14*w**2 + 90*w + 527. Is m(-6) a prime number?
False
Let o be (6/12)/(2/5088). Suppose -o = 3*v - 4623. Is v a composite number?
False
Let t(i) = 472*i - 349. Is t(18) a prime number?
True
Let k = 561 + -249. Let b = -101 + k. Is b a prime number?
True
Let i(k) = 11621*k**2 + 12*k - 46. Is i(3) composite?
False
Let l = 374 + -360. Suppose 5*c = t - 887, l*t + 5*c - 3648 = 10*t. Is t prime?
True
Let l be 0 + -5 + -15*(-8)/(-24). Is l/2 + (-3 + 1)*-5297 composite?
False
Let f = 13329 - 7132. Is f prime?
True
Suppose 4 = -s - 26. Let v be 566/4 - ((-300)/24)/(-25). Let x = v + s. Is x composite?
True
Suppose -232*a = -234*a + 6928 + 14530. Is a composite?
False
Let v = 297 - 125. Suppose -v = -q + 16. Let t = q - -33. Is t a composite number?
True
Let g = 119133 + -55232. Is g a composite number?
False
Suppose 112*k - 117*k - 10 = 0, -5*k - 248645 = -5*y. Is y a composite number?
False
Let j(c) be the first derivative of 115*c**2/2 + 7*c + 2. Let t(b) = -b**3 - 8*b**2 + 20*b + 2. Let l be t(-10). Is j(l) composite?
True
Let c(p) = -246*p - 131. Let x(n) = 738*n + 394. Let i(y) = -17*c(y) - 6*x(y). Is i(-8) a prime number?
True
Let m(f) be the first derivative of -44*f + 1 - 73/2*f**2. Is m(-9) prime?
True
Let q be 3*839 + 0/(-1). Suppose -32*r + 37*r = -2*x - 3296, -x = 5*r + 1648. Let z = x + q. Is z a composite number?
True
Suppose -172497 = -7*t - 0*t + 1177194. Is t prime?
False
Suppose -j = z - 6*z + 56241, 2*z + 2*j - 22494 = 0. Suppose 2*a + z = -i + 38027, 5*a + i = 66943. Suppose -5*s + a + 9467 = 0. Is s a composite number?
True
Let u be (-88)/(-12)*(1134/4)/(-9). Let w = u + 7402. Is w composite?
True
Let g(l) = -2016*l + 2327. Is g(-46) composite?
False
Suppose 5*b - 4 = h - 1, 5*b - 2*h = 6. Let r be 18*(1/3 - b). Suppose 0 = r*i - 7*i + 1043. Is i composite?
True
Let b be (-10)/(-85) + 98/34. Let v be -4 + b + (-639 - 2). Let z = v - -1387. Is z a composite number?
True
Suppose -p + 4303 + 2850 = 0. Suppose -5*x + y + 23632 = -12077, -3*y - p = -x. Is x a composite number?
True
Let s = -473 - -959. Suppose 1598 = 4*c - s. Is c composite?
False
Let k = 51 - 47. Suppose 2*s - k*g - 4 = 0, -5*s + 3*g + 4 + 13 = 0. Suppose 3639 = -a + s*a. Is a prime?
True
Suppose 4*o + 2122 = -918. Let v = -315 - o. Is v a composite number?
True
Is 4294992/15 + 10*4/200 a prime number?
True
Let z be (-196)/20 + 1/(-5). Let n(i) = i + 13. Let y be n(z). Suppose d = -3, -y*d - 97 = -2*m + 726. Is m prime?
False
Let y = -160 - -165. Suppose 2*o = 6, 2*c = -y*o - 95 + 276. Is c composite?
False
Is 75312/80 + (-1)/(-5)*-2 a composite number?
False
Is ((-2275050)/18 - -4)/((14/6)/(-7)) composite?
False
Let c = 1618 - -733. Suppose -2*t + v + c = -14728, -2*t = 5*v - 17085. Suppose 5*q - t - 3855 = 0. Is q prime?
False
Let g = 40153 - 24336. Is g prime?
True
Is 57 - 49 - (-234114 + 3) composite?
True
Is (190250/(-3) + -1)/(35/(-105)) a composite number?
True
Suppose -3*a + 4*s - 18 = -5, 0 = -4*s + 16. Let q be a + -3 - (0 - 647). Let j = -319 + q. Is j a composite number?
True
Let b(v) = 12128*v**2 + 7*v + 34. Is b(3) a prime number?
False
Is (34821/18 + 30)*-11*(-2 - 0) a prime number?
False
Let a(z) = -8605*z + 5693. Is a(-26) a prime number?
True
Let q = -491 - -312. Suppose 8*k + 2*z = 4*k + 1214, -3*k - 4*z = -898. Let b = k + q. Is b a prime number?
True
Suppose -131*b = -33*b - 484857 - 432717. Is b prime?
False
Let z = 1093764 + -282721. Is z a composite number?
True
Let w(b) = -b**3 + 17*b**2 + 9*b - 88. Let n be w(14). Let u = 9475 - n. Is u a prime number?
True
Suppose 3*d = -462*f + 463*f - 126796, 2*d = -4*f + 507282. Is f composite?
True
Suppose 0 = 1763*a - 1750*a - 1536379. Is a prime?
False
Is 505131 - ((-136)/204)/(-1 - 5/(-6)) a composite number?
True
Suppose 5*i - 3*q - 30697 = 0, -4*q = 80 - 104. Is i composite?
False
Let n be ((-5)/(-10))/((-1 + -1)/4). Let t be -5*(-2 + 2 - n). Is t/(-4 - -9) + 908 a prime number?
True
Suppose -m - 4*x + 636 = m, 0 = 3*x + 9. Let j = 15 + m. Is j prime?
False
Is 1*-5 - (-101 + 94) - 117094/(-2) a composite number?
False
Let l(a) = a**2 - 4*a - 65. Let c be l(10). Is 3/((-12)/16) + (-25330)/c a prime number?
False
Suppose -20*y + 205051 + 108369 = 0. Is y composite?
False
Let q(b) = -4*b**2 + 27*b + 10. Let w be q(6). Is -2258*(-147)/w*(-4)/(-6) prime?
False
Let j(h) = -h**3 - 23*h**2 - 21*h + 24. Let x(c) = c**2 + c - 1. Let t(b) = j(b) - 2*x(b). Let y be t(-24). Is (-2194 - 0)/(-2) + 0 + y a prime number?
False
Suppose 1166*y = 1165*y + 421831. Is y prime?
True
Let h be (-16)/4 + 4/2 - 170. Let s = h - -203. Is s prime?
True
Let l be -2*((-6)/10 - (-1035874)/140). Let c = -9494 - l. Is c a prime number?
True
Is (-3)/(-8)*-2 - 57291*1491/(-252) a prime number?
False
Let k(m) = m**2 + 15*m + 22. Let b be (-9)/27 - 1/(-3). Let y be -1 + (-15 - -1) - b. Is k(y) a composite number?
True
Let o(j) = j**3 + 12*j**2 + 10*j - 8. Let a be o(-11). Is (-4 - (a + -8))*13829 a composite number?
False
Let w be ((-103347)/(-27))/(1 - (-78)/(-81)). Suppose -47364 = -f - s, 2*f - w + 8616 = -3*s. Is f 